{"id":35,"date":"2019-10-21T19:16:49","date_gmt":"2019-10-21T17:16:49","guid":{"rendered":"https:\/\/frutascondiso.es\/es\/?page_id=35"},"modified":"2019-11-29T13:16:51","modified_gmt":"2019-11-29T12:16:51","slug":"summerprim","status":"publish","type":"page","link":"https:\/\/frutascondiso.es\/es\/summerprim\/","title":{"rendered":"SUMMERPRIM"},"content":{"rendered":"<p>[et_pb_section fb_built=\u00bb1&#8243; fullwidth=\u00bbon\u00bb module_id=\u00bbVariedades\u00bb _builder_version=\u00bb3.29.3&#8243; custom_margin=\u00bb0px|0px|0px|0px|false|false\u00bb custom_padding=\u00bb0px|0px|0px|0px|false|false\u00bb][et_pb_fullwidth_slider _builder_version=\u00bb3.29.3&#8243; background_color=\u00bb#ffffff\u00bb custom_margin=\u00bb0px|0px|0px|0px|false|false\u00bb custom_padding=\u00bb0px|0px|0px|0px|false|false\u00bb animation_style=\u00bbzoom\u00bb animation_duration=\u00bb2000ms\u00bb][et_pb_slide _builder_version=\u00bb3.29.3&#8243; custom_padding=\u00bb0px|0px|0px|0px|false|false\u00bb]<img decoding=\"async\" loading=\"lazy\" src=\"https:\/\/frutascondiso.es\/es\/wp-content\/uploads\/sites\/6\/2019\/11\/summerprim-slider.jpg\" width=\"1920\" height=\"720\" alt=\"\" class=\"wp-image-121 alignnone size-medium\" style=\"display: block; margin-left: 0px; margin-right: 0px;\" srcset=\"https:\/\/frutascondiso.es\/es\/wp-content\/uploads\/sites\/6\/2019\/11\/summerprim-slider.jpg 1920w, https:\/\/frutascondiso.es\/es\/wp-content\/uploads\/sites\/6\/2019\/11\/summerprim-slider-1280x480.jpg 1280w, https:\/\/frutascondiso.es\/es\/wp-content\/uploads\/sites\/6\/2019\/11\/summerprim-slider-980x368.jpg 980w, https:\/\/frutascondiso.es\/es\/wp-content\/uploads\/sites\/6\/2019\/11\/summerprim-slider-480x180.jpg 480w\" sizes=\"(min-width: 0px) and (max-width: 480px) 480px, (min-width: 481px) and (max-width: 980px) 980px, (min-width: 981px) and (max-width: 1280px) 1280px, (min-width: 1281px) 1920px, 100vw\" \/>[\/et_pb_slide][\/et_pb_fullwidth_slider][\/et_pb_section][et_pb_section fb_built=\u00bb1&#8243; _builder_version=\u00bb3.29.3&#8243; custom_margin=\u00bb15px|0px|15px|0px|false|false\u00bb custom_padding=\u00bb0px|0px|0px|0px|false|false\u00bb][et_pb_row _builder_version=\u00bb3.26.6&#8243;][et_pb_column type=\u00bb4_4&#8243; _builder_version=\u00bb3.26.6&#8243;][et_pb_text _builder_version=\u00bb3.29.3&#8243; text_font=\u00bbRaleway|500|||||||\u00bb text_text_color=\u00bb#000000&#8243; text_font_size=\u00bb22px\u00bb text_line_height=\u00bb1.5em\u00bb text_orientation=\u00bbcenter\u00bb text_text_align=\u00bbcenter\u00bb]<\/p>\n<p style=\"text-align: center;\">Nuestra nueva variedad <strong>Summer Prim<\/strong> ofrece un lim\u00f3n tipo Primofiori comercialmente disponible en los meses de primavera y verano. De piel tersa, fina y alto contenido en zumo, supone una <strong>desestacionalizaci\u00f3n del lim\u00f3n Fino y m\u00faltiples ventajas comerciales.<\/strong><\/p>\n<p>[\/et_pb_text][\/et_pb_column][\/et_pb_row][et_pb_row _builder_version=\u00bb3.29.3&#8243; custom_margin=\u00bb15px||15px||false|false\u00bb custom_padding=\u00bb||||false|false\u00bb][et_pb_column type=\u00bb4_4&#8243; _builder_version=\u00bb3.29.3&#8243;][et_pb_blurb image=\u00bbhttps:\/\/frutascondiso.es\/wp-content\/uploads\/2019\/10\/icono-summerprim1.png\u00bb icon_placement=\u00bbleft\u00bb content_max_width=\u00bb650px\u00bb icon_placement_last_edited=\u00bboff|desktop\u00bb _builder_version=\u00bb3.29.3&#8243; body_font=\u00bbRaleway|500|||||||\u00bb body_text_color=\u00bb#000000&#8243; body_font_size=\u00bb20px\u00bb animation_style=\u00bbfade\u00bb]<\/p>\n<p><strong>Maduraci\u00f3n espontanea tard\u00eda<\/strong> de Primofiori\/Fino.<\/p>\n<p>[\/et_pb_blurb][et_pb_blurb image=\u00bbhttps:\/\/frutascondiso.es\/wp-content\/uploads\/2019\/10\/icono-summerprim2.png\u00bb icon_placement=\u00bbleft\u00bb content_max_width=\u00bb650px\u00bb _builder_version=\u00bb3.29.3&#8243; body_font=\u00bbRaleway|500|||||||\u00bb body_text_color=\u00bb#000000&#8243; body_font_size=\u00bb20px\u00bb animation_style=\u00bbfade\u00bb]<\/p>\n<p><strong>Madurez extra tard\u00eda,<\/strong> que le permite extender la campa\u00f1a del lim\u00f3n Fino al periodo de Primavera-Verano.<\/p>\n<p>[\/et_pb_blurb][et_pb_blurb image=\u00bbhttps:\/\/frutascondiso.es\/wp-content\/uploads\/2019\/10\/icono-summerprim3.png\u00bb icon_placement=\u00bbleft\u00bb content_max_width=\u00bb650px\u00bb _builder_version=\u00bb3.29.3&#8243; body_font=\u00bbRaleway|500|||||||\u00bb body_text_color=\u00bb#000000&#8243; body_font_size=\u00bb20px\u00bb animation_style=\u00bbfade\u00bb]<\/p>\n<p>Contenido de <strong>semillas similar<\/strong> a lim\u00f3n Fino.<\/p>\n<p>[\/et_pb_blurb][et_pb_blurb image=\u00bbhttps:\/\/frutascondiso.es\/wp-content\/uploads\/2019\/10\/icono-summerprim4.png\u00bb icon_placement=\u00bbleft\u00bb content_max_width=\u00bb650px\u00bb _builder_version=\u00bb3.29.3&#8243; body_font=\u00bbRaleway|500|||||||\u00bb body_text_color=\u00bb#000000&#8243; body_font_size=\u00bb20px\u00bb animation_style=\u00bbfade\u00bb]<\/p>\n<p>Contenido en zumo: en mayo alcanza un <strong>contenido de zumo del 40-45%.<\/strong><\/p>\n<p>[\/et_pb_blurb][et_pb_blurb image=\u00bbhttps:\/\/frutascondiso.es\/wp-content\/uploads\/2019\/10\/icono-summerprim5.png\u00bb icon_placement=\u00bbleft\u00bb content_max_width=\u00bb650px\u00bb _builder_version=\u00bb3.29.3&#8243; body_font=\u00bbRaleway|500|||||||\u00bb body_text_color=\u00bb#000000&#8243; body_font_size=\u00bb20px\u00bb animation_style=\u00bbfade\u00bb]<\/p>\n<p>Rendimiento de frutos dentro del <strong>calibre comercial (53-67 mm)<\/strong> similar al Fino.<\/p>\n<p>[\/et_pb_blurb][\/et_pb_column][\/et_pb_row][\/et_pb_section][et_pb_section fb_built=\u00bb1&#8243; _builder_version=\u00bb3.29.3&#8243; custom_margin=\u00bb15px|0px|15px|0px|false|false\u00bb custom_padding=\u00bb0px|0px|0px|0px|false|false\u00bb][et_pb_row _builder_version=\u00bb3.29.3&#8243; custom_margin=\u00bb||||false|false\u00bb custom_padding=\u00bb||||false|false\u00bb][et_pb_column type=\u00bb4_4&#8243; _builder_version=\u00bb3.29.3&#8243; custom_padding=\u00bb0px|0px|0px|0px|false|false\u00bb][et_pb_image src=\u00bbhttps:\/\/frutascondiso.es\/wp-content\/uploads\/2019\/10\/SUMMERPRIM_CONDISO_def.png\u00bb show_bottom_space=\u00bboff\u00bb align=\u00bbcenter\u00bb disabled_on=\u00bboff|off|off\u00bb _builder_version=\u00bb3.29.3&#8243; custom_margin=\u00bb0px|0px|0px|0px|false|false\u00bb custom_padding=\u00bb0px|0px|0px|0px|false|false\u00bb][\/et_pb_image][et_pb_image src=\u00bbhttps:\/\/frutascondiso.es\/es\/wp-content\/uploads\/sites\/6\/2019\/11\/SUMMERPRIM_limones.jpg\u00bb align=\u00bbcenter\u00bb _builder_version=\u00bb4.0.6&#8243; custom_margin=\u00bb10px|0px|10px|0px|false|false\u00bb custom_padding=\u00bb0px|0px|0px|0px|false|false\u00bb hover_enabled=\u00bb0&#8243;][\/et_pb_image][\/et_pb_column][\/et_pb_row][\/et_pb_section]<\/p>\n","protected":false},"excerpt":{"rendered":"<p>Nuestra nueva variedad Summer Prim ofrece un lim\u00f3n tipo Primofiori comercialmente disponible en los meses de primavera y verano. De piel tersa, fina y alto contenido en zumo, supone una desestacionalizaci\u00f3n del lim\u00f3n Fino y m\u00faltiples ventajas comerciales.Maduraci\u00f3n espontanea tard\u00eda de Primofiori\/Fino.Madurez extra tard\u00eda, que le permite extender la campa\u00f1a del lim\u00f3n Fino al periodo [&hellip;]<\/p>\n","protected":false},"author":1,"featured_media":0,"parent":0,"menu_order":0,"comment_status":"closed","ping_status":"closed","template":"","meta":{"_et_pb_use_builder":"on","_et_pb_old_content":"<!-- wp:divi\/placeholder \/-->","_et_gb_content_width":""},"_links":{"self":[{"href":"https:\/\/frutascondiso.es\/es\/wp-json\/wp\/v2\/pages\/35"}],"collection":[{"href":"https:\/\/frutascondiso.es\/es\/wp-json\/wp\/v2\/pages"}],"about":[{"href":"https:\/\/frutascondiso.es\/es\/wp-json\/wp\/v2\/types\/page"}],"author":[{"embeddable":true,"href":"https:\/\/frutascondiso.es\/es\/wp-json\/wp\/v2\/users\/1"}],"replies":[{"embeddable":true,"href":"https:\/\/frutascondiso.es\/es\/wp-json\/wp\/v2\/comments?post=35"}],"version-history":[{"count":2,"href":"https:\/\/frutascondiso.es\/es\/wp-json\/wp\/v2\/pages\/35\/revisions"}],"predecessor-version":[{"id":149,"href":"https:\/\/frutascondiso.es\/es\/wp-json\/wp\/v2\/pages\/35\/revisions\/149"}],"wp:attachment":[{"href":"https:\/\/frutascondiso.es\/es\/wp-json\/wp\/v2\/media?parent=35"}],"curies":[{"name":"wp","href":"https:\/\/api.w.org\/{rel}","templated":true}]}}

<p>[et_pb_section fb_built=»1&#8243; fullwidth=»on» module_id=»Variedades» _builder_version=»3.29.3&#8243; custom_margin=»0px|0px|0px|0px|false|false» custom_padding=»0px|0px|0px|0px|false|false»][et_pb_fullwidth_slider _builder_version=»3.29.3&#8243; background_color=»#ffffff» custom_margin=»0px|0px|0px|0px|false|false» custom_padding=»0px|0px|0px|0px|false|false» animation_style=»zoom» animation_duration=»2000ms»][et_pb_slide _builder_version=»3.29.3&#8243; custom_padding=»0px|0px|0px|0px|false|false»]<img decoding="async" loading="lazy" src="https://frutascondiso.es/es/wp-content/uploads/sites/6/2019/11/summerprim-slider.jpg" width="1920" height="720" alt="" class="wp-image-121 alignnone size-medium" style="display: block; margin-left: 0px; margin-right: 0px;" srcset="https://frutascondiso.es/es/wp-content/uploads/sites/6/2019/11/summerprim-slider.jpg 1920w, https://frutascondiso.es/es/wp-content/uploads/sites/6/2019/11/summerprim-slider-1280x480.jpg 1280w, https://frutascondiso.es/es/wp-content/uploads/sites/6/2019/11/summerprim-slider-980x368.jpg 980w, https://frutascondiso.es/es/wp-content/uploads/sites/6/2019/11/summerprim-slider-480x180.jpg 480w" sizes="(min-width: 0px) and (max-width: 480px) 480px, (min-width: 481px) and (max-width: 980px) 980px, (min-width: 981px) and (max-width: 1280px) 1280px, (min-width: 1281px) 1920px, 100vw" />[/et_pb_slide][/et_pb_fullwidth_slider][/et_pb_section][et_pb_section fb_built=»1&#8243; _builder_version=»3.29.3&#8243; custom_margin=»15px|0px|15px|0px|false|false» custom_padding=»0px|0px|0px|0px|false|false»][et_pb_row _builder_version=»3.26.6&#8243;][et_pb_column type=»4_4&#8243; _builder_version=»3.26.6&#8243;][et_pb_text _builder_version=»3.29.3&#8243; text_font=»Raleway|500|||||||» text_text_color=»#000000&#8243; text_font_size=»22px» text_line_height=»1.5em» text_orientation=»center» text_text_align=»center»]</p>
<p style="text-align: center;">Nuestra nueva variedad <strong>Summer Prim</strong> ofrece un limón tipo Primofiori comercialmente disponible en los meses de primavera y verano. De piel tersa, fina y alto contenido en zumo, supone una <strong>desestacionalización del limón Fino y múltiples ventajas comerciales.</strong></p>
<p>[/et_pb_text][/et_pb_column][/et_pb_row][et_pb_row _builder_version=»3.29.3&#8243; custom_margin=»15px||15px||false|false» custom_padding=»||||false|false»][et_pb_column type=»4_4&#8243; _builder_version=»3.29.3&#8243;][et_pb_blurb image=»https://frutascondiso.es/wp-content/uploads/2019/10/icono-summerprim1.png» icon_placement=»left» content_max_width=»650px» icon_placement_last_edited=»off|desktop» _builder_version=»3.29.3&#8243; body_font=»Raleway|500|||||||» body_text_color=»#000000&#8243; body_font_size=»20px» animation_style=»fade»]</p>
<p><strong>Maduración espontanea tardía</strong> de Primofiori/Fino.</p>
<p>[/et_pb_blurb][et_pb_blurb image=»https://frutascondiso.es/wp-content/uploads/2019/10/icono-summerprim2.png» icon_placement=»left» content_max_width=»650px» _builder_version=»3.29.3&#8243; body_font=»Raleway|500|||||||» body_text_color=»#000000&#8243; body_font_size=»20px» animation_style=»fade»]</p>
<p><strong>Madurez extra tardía,</strong> que le permite extender la campaña del limón Fino al periodo de Primavera-Verano.</p>
<p>[/et_pb_blurb][et_pb_blurb image=»https://frutascondiso.es/wp-content/uploads/2019/10/icono-summerprim3.png» icon_placement=»left» content_max_width=»650px» _builder_version=»3.29.3&#8243; body_font=»Raleway|500|||||||» body_text_color=»#000000&#8243; body_font_size=»20px» animation_style=»fade»]</p>
<p>Contenido de <strong>semillas similar</strong> a limón Fino.</p>
<p>[/et_pb_blurb][et_pb_blurb image=»https://frutascondiso.es/wp-content/uploads/2019/10/icono-summerprim4.png» icon_placement=»left» content_max_width=»650px» _builder_version=»3.29.3&#8243; body_font=»Raleway|500|||||||» body_text_color=»#000000&#8243; body_font_size=»20px» animation_style=»fade»]</p>
<p>Contenido en zumo: en mayo alcanza un <strong>contenido de zumo del 40-45%.</strong></p>
<p>[/et_pb_blurb][et_pb_blurb image=»https://frutascondiso.es/wp-content/uploads/2019/10/icono-summerprim5.png» icon_placement=»left» content_max_width=»650px» _builder_version=»3.29.3&#8243; body_font=»Raleway|500|||||||» body_text_color=»#000000&#8243; body_font_size=»20px» animation_style=»fade»]</p>
<p>Rendimiento de frutos dentro del <strong>calibre comercial (53-67 mm)</strong> similar al Fino.</p>
<p>[/et_pb_blurb][/et_pb_column][/et_pb_row][/et_pb_section][et_pb_section fb_built=»1&#8243; _builder_version=»3.29.3&#8243; custom_margin=»15px|0px|15px|0px|false|false» custom_padding=»0px|0px|0px|0px|false|false»][et_pb_row _builder_version=»3.29.3&#8243; custom_margin=»||||false|false» custom_padding=»||||false|false»][et_pb_column type=»4_4&#8243; _builder_version=»3.29.3&#8243; custom_padding=»0px|0px|0px|0px|false|false»][et_pb_image src=»https://frutascondiso.es/wp-content/uploads/2019/10/SUMMERPRIM_CONDISO_def.png» show_bottom_space=»off» align=»center» disabled_on=»off|off|off» _builder_version=»3.29.3&#8243; custom_margin=»0px|0px|0px|0px|false|false» custom_padding=»0px|0px|0px|0px|false|false»][/et_pb_image][et_pb_image src=»https://frutascondiso.es/es/wp-content/uploads/sites/6/2019/11/SUMMERPRIM_limones.jpg» align=»center» _builder_version=»4.0.6&#8243; custom_margin=»10px|0px|10px|0px|false|false» custom_padding=»0px|0px|0px|0px|false|false» hover_enabled=»0&#8243;][/et_pb_image][/et_pb_column][/et_pb_row][/et_pb_section]</p>

<p>Nuestra nueva variedad Summer Prim ofrece un limón tipo Primofiori comercialmente disponible en los meses de primavera y verano. De piel tersa, fina y alto contenido en zumo, supone una desestacionalización del limón Fino y múltiples ventajas comerciales.Maduración espontanea tardía de Primofiori/Fino.Madurez extra tardía, que le permite extender la campaña del limón Fino al periodo [&hellip;]</p>
